is b(7)?
28
Let a(r) = 2414*r - 63. Give a(0).
-63
Let a(t) = t**2 - 62*t - 592. Determine a(-8).
-32
Let u(w) = -6*w**2 - 603*w - 1199. What is u(-2)?
-17
Let o(p) = -p**3 - 85*p**2 - 21*p - 1784. Calculate o(-85).
1
Let n(c) = -3*c**2 + 73*c - 140. Calculate n(13).
302
Let y(q) = -44*q**3 + 6*q**2 + q + 2. What is y(-1)?
51
Let w(o) = o**3 - 14*o**2 - 29*o - 24. Give w(16).
24
Let x(d) = -d**3 - 21*d**2 - 11*d + 89. Determine x(-16).
-1015
Let t(x) = 1139*x + 15936. What is t(-14)?
-10
Let y(z) = 3*z**3 - 2*z**2 - 3*z + 13. Calculate y(3).
67
Let l(w) = w**3 - w**2 + 5*w - 146. What is l(6)?
64
Let s(f) = f**3 + 9*f**2 + f - 18. Calculate s(-9).
-27
Let c(z) = z**2 + 8*z - 407. What is c(20)?
153
Let k(a) = -a**3 - 9*a**2 - 38*a - 162. What is k(-7)?
6
Let w(m) = 14*m - 150. Calculate w(19).
116
Let l(d) = -d**3 - 16*d**2 + 154*d - 159. Determine l(-23).
2
Let f(x) = -193*x + 8649. Calculate f(45).
-36
Let z(r) = -3*r**3 + 124*r**2 - 49*r - 19. What is z(41)?
-347
Let x(w) = 2*w - 28. Determine x(3).
-22
Let u(a) = -4*a**2 - 154*a + 50. Determine u(-40).
-190
Let n(o) = o**3 - 21*o**2 - 166*o - 13. What is n(-6)?
11
Let z(n) = -527*n + 27427. Determine z(52).
23
Let v(b) = b**3 - 20*b**2 + 2*b + 99. What is v(0)?
99
Let j(k) = -k**3 - 36*k**2 + 2*k + 78. Determine j(-36).
6
Let b(m) = 4*m**3 - m**2 - 27*m + 26. Give b(1).
2
Let a(i) = -i**3 - 25*i**2 - 46*i + 34. Calculate a(-23).
34
Let w(o) = -o**2 - 19*o + 3. Calculate w(-20).
-17
Let v(r) = -2*r**2 - 76*r - 11. Calculate v(-40).
-171
Let o(x) = 298*x**3 - 2384*x**2 + 7*x + 24. Give o(8).
80
Let i(o) = -8*o**3 + 5*o**2 - 9*o - 62. Determine i(4).
-530
Let f(j) = -6*j**2 + 56*j + 12. Give f(10).
-28
Let f(z) = -4*z**2 + 151*z - 35. What is f(38)?
-73
Let b(w) = 3*w**2 - 155*w + 335. Give b(50).
85
Let t(x) = -61*x - 536. Calculate t(-9).
13
Let l(h) = 2*h**2 + 81*h + 436. What is l(-36)?
112
Let w(d) = -3*d**2 + 176*d - 1747. Calculate w(46).
1
Let w(i) = 6*i**2 + 275*i - 1982. Calculate w(7).
237
Let f(s) = 14*s**2 - 118*s - 37. Calculate f(9).
35
Let k(o) = -219*o - 879. Determine k(-4).
-3
Let f(o) = 8*o**2 - 105*o + 376. Determine f(4).
84
Let o(r) = r**3 + 19*r**2 - 183*r - 17. What is o(7)?
-24
Let g(w) = -45*w**2 - 19*w + 19. Calculate g(1).
-45
Let m(j) = -j**3 + 98*j**2 - 1107*j + 297. Calculate m(85).
127
Let i(y) = 2*y**2 + 280*y + 5750. What is i(-115)?
0
Let m(v) = 160*v**3 - 8*v**2 - 10*v - 3. Calculate m(-1).
-161
Let f(w) = 5658*w - 33966. Calculate f(6).
-18
Let y(n) = -290*n + 2330. What is y(8)?
10
Let a(m) = -2568*m + 7707. Calculate a(3).
3
Let h(r) = -r**3 - 53*r**2 + 63*r + 478. Give h(-54).
-8
Let v(z) = z**3 + 2*z**2 + 5*z + 39. Determine v(0).
39
Let c(k) = -100*k + 189. Give c(3).
-111
Let m(k) = -2*k**2 + 99*k - 668. Calculate m(42).
-38
Let o(z) = -z**3 + 70*z + 136. Calculate o(-2).
4
Let f(j) = j**3 - 193*j + 381. Calculate f(2).
3
Let z(l) = 42*l + 3099. What is z(-74)?
-9
Let m(f) = -252*f - 21. Calculate m(-1).
231
Let u(t) = -82*t - 10. Calculate u(-1).
72
Let l(n) = 13*n + 55. Calculate l(6).
133
Let p(o) = -20*o**2 - 54*o + 49. Give p(-3).
31
Let k(q) = -7*q**2 - 1032*q - 1452. Calculate k(-146).
8
Let o(q) = -q**2 + 27*q - 89. Calculate o(25).
-39
Let a(x) = 2*x**3 + 19*x**2 - 107*x - 792. Give a(-11).
22
Let o(j) = j**2 - 2*j - 22. Calculate o(-7).
41
Let y(u) = u**3 + 9*u**2 - 17*u + 53. Calculate y(-12).
-175
Let u(l) = -8*l**2 + 1416*l - 1417. What is u(1)?
-9
Let x(v) = v**3 - 36*v**2 + 92*v + 82. Give x(33).
-149
Let y(i) = i**2 + 20*i - 27. Give y(-9).
-126
Let g(o) = 17395*o + 121760. Give g(-7).
-5
Let i(m) = 2*m**2 + 15*m + 50. What is i(-10)?
100
Let t(z) = -z - 116. Calculate t(0).
-116
Let i(o) = 198*o - 1858. Calculate i(11).
320
Let h(n) = -n**3 + 5*n**2 + 11*n - 13. What is h(7)?
-34
Let z(m) = -m**3 - 18*m**2 - 44*m + 11. Give z(-15).
-4
Let p(u) = 2*u**2 + 64*u - 184. Determine p(-35).
26
Let v(a) = -34*a - 71. What is v(10)?
-411
Let r(f) = -1239*f + 5018. What is r(4)?
62
Let v(n) = -89*n - 740. Calculate v(-9).
61
Let d(y) = y**3 - 29*y**2 + 61*y - 139. Determine d(27).
50
Let g(z) = z**3 - 44*z**2 + 78*z + 175. Calculate g(42).
-77
Let n(v) = -v**2 + 18. Determine n(14).
-178
Let d(i) = -22*i - 126. What is d(-2)?
-82
Let d(r) = -r**3 + 99*r**2 - 208*r + 1310. Calculate d(97).
-48
Let z(c) = 117*c - 1547. What is z(13)?
-26
Let c(b) = 988*b + 25685. What is c(-26)?
-3
Let u(f) = 387*f - 1601. Calculate u(5).
334
Let o(k) = k**3 - 144*k**2 - 5*k + 712. Give o(144).
-8
Let f(t) = -7*t**3 + 125*t**2 + 20*t + 19. Calculate f(18).
55
Let p(t) = -49*t**2 - 16*t - 27. Give p(-2).
-191
Let l(k) = 4*k**2 + 25*k - 40. Determine l(6).
254
Let o(b) = -2*b**2 - 181*b - 7. What is o(0)?
-7
Let w(z) = 20*z - 517. What is w(25)?
-17
Let u(d) = 3*d**3 - 27*d**2 + 12*d - 20. Calculate u(9).
88
Let r(g) = -3*g**2 - 19*g + 30. Calculate r(-5).
50
Let i(b) = -15*b**2 - 22*b + 14. What is i(0)?
14
Let g(z) = z**2 - 3*z + 20. Calculate g(-7).
90
Let i(f) = 4*f**3 + 48*f**2 + 3*f + 30. Calculate i(-12).
-6
Let o(c) = -c**2 + 91*c - 639. Determine o(82).
99
Let s(f) = f**3 - f**2 + 12*f - 28. What is s(0)?
-28
Let l(h) = -24*h - 731. Determine l(-27).
-83
Let g(l) = -670*l + 4691. Calculate g(7).
1
Let t(q) = -219*q**2 - 7*q + 7. What is t(1)?
-219
Let n(a) = a**2 + 13282*a + 79662. Determine n(-6).
6
Let z(m) = -369*m - 1429. What is z(-2)?
-691
Let v(b) = -2*b**3 + 39*b**2 + 41*b + 76. Calculate v(20).
496
Let w(t) = 2*t**2 + 22*t + 20. Calculate w(-8).
-28
Let h(s) = 4*s**3 + 33*s**2 - 732*s + 21. Calculate h(10).
1
Let a(v) = -v**3 - 10*v**2 + 14*v + 17. Give a(-7).
-228
Let m(a) = -3*a**2 - 52*a - 201. Give m(-11).
8
Let z(m) = 76*m - 3306. What is z(44)?
38
Let i(l) = -751*l - 3712. Give i(-5).
43
Let f(l) = -l**2 - 838*l - 20323. Give f(-25).
2
Let m(c) = c**3 - 17*c**2 + 31*c - 15. Give m(15).
0
Let g(r) = 3*r - 73. What is g(-56)?
-241
Let b(k) = -k**3 - 7*k**2 - 10*k - 27. Calculate b(-3).
-33
Let g(q) = q**2 - 140*q + 3563. Calculate g(33).
32
Let f(d) = -25585*d - 76752. Give f(-3).
3
Let w(a) = a**2 - 493*a + 14762. Calculate w(32).
10
Let k(r) = 86*r + 2826. What is k(-33)?
-12
Let x(s) = -s**3 + 16*s**2 - 86*s + 450. What is x(12)?
-6
Let r(p) = -22*p + 2160. What is r(98)?
4
Let i(a) = -2*a**3 - 19*a**2 + 8*a - 93. What is i(-9)?
-246
Let d(j) = 5*j**2 + 109*j + 241. What is d(-20)?
61
Let f(q) = -19*q - 503. Determine f(8).
-655
Let u(o) = -o**2 - 32*o - 30. What is u(-23)?
177
Let i(q) = q**3 + 12*q**2 - 12*q + 27. Give i(-13).
14
Let u(s) = 1702*s + 1484. Give u(-1).
-218
Let b(f) = -77*f**2 + 482*f - 107. What is b(6)?
13
Let o(d) = -d**2 - 18*d - 61. Calculate o(-17).
-44
Let d(n) = -2*n - 84. What is d(8)?
-100
Let q(d) = d**3 + 2*d**2 - 5*d - 2. Calculate q(2).
4
Let z(t) = 3*t**2 - 33*t + 318. Determine z(20).
858
Let z(d) = d**2 - 195*d + 2892. Determine z(16).
28
Let y(z) = 5*z**2 + 151*z - 134. What is y(-31)?
-10
Let h(i) = -i**3 + 16*i**2 - 25*i + 161. Determine h(15).
11
Let g(n) = -n + 66. Determine g(69).
-3
Let v(l) = l**2 - 572*l + 3935. What is v(7)?
-20
Let y(i) = 13*i + 1. What is y(-14)?
-181
Let o(u) = u**3 + 28*u**2 + 102*u + 27. What is o(-24)?
-117
Let o(w) = -649*w - 655. Give o(-1).
-6
Let a(k) = k**3 + 8*k**2 + 143*k + 267. Calculate a(-2).
5
Let k(m) = m**3 - 53*m**2 + 11*m - 303. Determine k(53).
280
Let n(q) = -490*q - 5249. Determine n(-11).
141
Let m(t) = -249*t + 11454. Calculate m(46).
0
Let o(k) = k**3 - 19*k**2 + 30*k - 212. Give o(18).
4
Let y(l) = 8*l**3 - 340*l**2 + 2410*l + 15. Determine y(9).
-3
Let x(v) = -288*v + 28746. Calculate x(100).
-54
Let k(j) = -12*j**2 + 430*j - 11. Give k(36).
-83
Let s(z) = -7*z**3 - 146*z**2 - z - 58. Determine s(-21).
404
Let j(m) = 138*m + 3812. Give j(-28).
-52
Let j(a) = -8*a**3 - 4*a**2 + a + 2. Give j(-1).
5
Let x(m) = 97*m - 6681. Give x(69).
12
Let b(v) = 121*v + 2071. Calculate b(-17).
14
Let b(w) = 215*w + 1725. Give b(-8).
5
Let a(m) = m**3 + 36*m**2 - 83*m - 93. Calculate a(-38).
173
Let c(n) = n**2 - 24*n + 113. What is c(11)?
-30
Let i(b) = b**3 - 20*b**2 - 15*b + 2. What is i(-1)?
-4
Let g(f) = -5*f**3 + 60*f**2 - 176*f - 7. Determine g(6).
17
Let y(p) = -5*p**2 + 10*p + 5. Determine y(-2).
-35
Let t(r) = r**3 - 88*r**2 + 86*r + 65. Give t(87).
-2